ivided by 6345.
550
What is the remainder when 77671 is divided by 597?
61
Calculate the remainder when 285351 is divided by 218.
207
What is the remainder when 1897528387 is divided by 36?
31
What is the remainder when 5175890 is divided by 13585?
5
What is the remainder when 8995277 is divided by 1386?
137
What is the remainder when 730694 is divided by 121776?
38
What is the remainder when 4503614 is divided by 535?
519
Calculate the remainder when 2619603 is divided by 448.
147
What is the remainder when 2937872 is divided by 21?
14
Calculate the remainder when 685829 is divided by 1589.
970
What is the remainder when 71639 is divided by 34955?
1729
What is the remainder when 5676503 is divided by 5822?
53
What is the remainder when 8077659 is divided by 886?
883
Calculate the remainder when 233984 is divided by 116981.
22
What is the remainder when 9558255 is divided by 3186055?
90
What is the remainder when 138884 is divided by 185?
134
Calculate the remainder when 89249657 is divided by 158.
39
Calculate the remainder when 726801 is divided by 3178.
2217
What is the remainder when 557633 is divided by 354?
83
Calculate the remainder when 75950 is divided by 752.
750
Calculate the remainder when 90661 is divided by 22649.
65
Calculate the remainder when 65613 is divided by 3095.
618
What is the remainder when 1027032 is divided by 2869?
2799
Calculate the remainder when 7611193 is divided by 2537058.
19
Calculate the remainder when 25017 is divided by 2292.
2097
Calculate the remainder when 1375015 is divided by 84.
19
Calculate the remainder when 29986 is divided by 343.
145
Calculate the remainder when 322197971 is divided by 1284.
1283
Calculate the remainder when 128216 is divided by 1824.
536
What is the remainder when 13489209 is divided by 98?
97
What is the remainder when 17593985 is divided by 282?
5
What is the remainder when 2599394 is divided by 371014?
2296
Calculate the remainder when 453435 is divided by 618.
441
What is the remainder when 22192 is divided by 2104?
1152
Calculate the remainder when 4149066 is divided by 276.
234
Calculate the remainder when 325832480 is divided by 461.
446
What is the remainder when 23152 is divided by 22546?
606
Calculate the remainder when 2072607 is divided by 63.
33
What is the remainder when 105644 is divided by 465?
89
Calculate the remainder when 899184 is divided by 2288.
0
Calculate the remainder when 17719789 is divided by 29.
6
What is the remainder when 26746842 is divided by 71?
6
What is the remainder when 1344131 is divided by 1344124?
7
What is the remainder when 1080810 is divided by 155?
150
What is the remainder when 231585 is divided by 3617?
97
What is the remainder when 256757 is divided by 51189?
812
What is the remainder when 45753 is divided by 45709?
44
Calculate the remainder when 3954262 is divided by 1318073.
43
Calculate the remainder when 131563 is divided by 129006.
2557
Calculate the remainder when 24735922 is divided by 71491.
36
Calculate the remainder when 9554571 is divided by 3184849.
24
Calculate the remainder when 1292781 is divided by 368.
365
Calculate the remainder when 531276 is divided by 15121.
2041
What is the remainder when 327479 is divided by 192?
119
What is the remainder when 5581735 is divided by 113?
100
What is the remainder when 16732232 is divided by 2757?
2756
What is the remainder when 1318389 is divided by 3?
0
Calculate the remainder when 273037 is divided by 119.
51
Calculate the remainder when 2537000 is divided by 507386.
70
What is the remainder when 3924279 is divided by 135301?
550
Calculate the remainder when 13084653 is divided by 1351.
218
What is the remainder when 4021432 is divided by 4021353?
79
Calculate the remainder when 7781061 is divided by 1515.
21
What is the remainder when 88026 is divided by 55?
26
What is the remainder when 944332 is divided by 94432?
12
Calculate the remainder when 8215760 is divided by 4107874.
12
What is the remainder when 22857755 is divided by 2055?
2045
What is the remainder when 49948140 is divided by 70?
60
Calculate the remainder when 406294 is divided by 135350.
244
What is the remainder when 739744 is divided by 369254?
1236
Calculate the remainder when 25621508 is divided by 241712.
36
What is the remainder when 573035 is divided by 94698?
4847
Calculate the remainder when 53909 is divided by 134.
41
What is the remainder when 775566 is divided by 45?
36
Calculate the remainder when 2932 is divided by 447.
250
What is the remainder when 1772 is divided by 1456?
316
Calculate the remainder when 261215 is divided by 3312.
2879
What is the remainder when 11977130 is divided by 724?
722
Calculate the remainder when 229561963 is divided by 207.
205
Calculate the remainder when 117771 is divided by 29135.
1231
Calculate the remainder when 48431 is divided by 47363.
1068
What is the remainder when 145575 is divided by 184?
31
What is the remainder when 6045068 is divided by 2?
0
What is the remainder when 800136 is divided by 1289?
956
Calculate the remainder when 3354636 is divided by 252.
12
What is the remainder when 506457 is divided by 35964?
2961
Calculate the remainder when 107743 is divided by 53520.
703
Calculate the remainder when 1567945 is divided by 50.
45
Calculate the remainder when 1166743 is divided by 233256.
463
Calculate the remainder when 52925 is divided by 8708.
677
What is the remainder when 1352771 is divided by 1418?
1417
Calculate the remainder when 77274825 is divided by 1043.
1041
Calculate the remainder when 190523 is divided by 62701.
2420
What is the remainder when 58326748 is divided by 14581687?
0
What is the remainder when 3327170 is divided by 10269?
14
Calculate the remainder when 20698318 is divided by 217877.
3
What is the remainder when 34278 is divided by 7344?
4902
What is the remainder when 13633014 is divided by 69?
63
What is the remainder when 16230521 is divided by 42?
41
Calculate the remainder when 1215364 is divided by 81024.
4
Calculate the remainder when 114412 is divided by 1921.
1073
Calculate the remainder when 465157 is divided by 232554.
49
What is the remainder when 2678912 is divided by 3911?
3788
Calculate the remainder when 7133532 is divided by 669.
654
What is the remainder when 18098660 is divided by 7579?
8
Calculate the remainder when 1380362 is divided by 25.
12
What is the remainder when 36019593 is divided by 941?
936
What is the remainder when 7524000 is divided by 134356?
64
What is the remainder when 4385569 is divided by 166?
15
What is the remainder when 9842939 is divided by 60?
59
What is the remainder when 408256 is divided by 2875?
6
What is the remainder when 12093900 is divided by 80626?
0
What is the remainder when 1973731 is divided by 118?
63
Calculate the remainder when 1046782 is divided by 348843.
253
Calculate the remainder when 4466596 is divided by 2108.
1852
What is the remainder when 98550 is divided by 97553?
997
What is the remainder when 24250 is divided by 50?
0
What is the remainder when 627613 is divided by 104600?
13
What is the remainder when 143807712 is divided by 3314?
3310
Calculate the remainder when 1136009 is divided by 1136003.
6
What is the remainder when 185667 is divided by 359?
64
What is the remainder when 6429746 is divided by 750?
746
Calculate the remainder when 181391334 is divided by 130.
124
What is the remainder when 47116 is divided by 41551?
5565
What is the remainder when 4188094 is divided by 73475?
19
What is the remainder when 566119 is divided by 682?
59
What is the remainder when 70960025 is divided by 572?
565
Calculate the remainder when 765108 is divided by 578.
414
Calculate the remainder when 20743991 is divided by 6914661.
8
What is the remainder when 71929422 is divided by 380?
362
Calculate the remainder when 22679624 is divided by 3324.
3296
What is the remainder when 2142497 is divided by 746?
731
Calculate the remainder when 21816 is divided by 2097.
846
Calculate the remainder when 30463774 is divided by 368.
366
Calculate the remainder when 435560 is divided by 5006.
38
What is the remainder when 7709324 is divided by 321219?
68
Calculate the remainder when 250276835 is divided by 614.
611
What is the remainder when 105929 is divided by 4803?
